{"id":2513,"date":"2016-10-10T10:36:30","date_gmt":"2016-10-10T14:36:30","guid":{"rendered":"https:\/\/www.kaspersky.com.tr\/blog\/?page_id=2513"},"modified":"2022-05-05T18:59:01","modified_gmt":"2022-05-05T15:59:01","slug":"confirm-subscription","status":"publish","type":"page","link":"https:\/\/www.kaspersky.com.tr\/blog\/confirm-subscription\/","title":{"rendered":"Aboneli\u011fi Onayla"},"content":{"rendered":"<p>Abonelik i\u015flemini tamamlamak i\u00e7in l\u00fctfen size g\u00f6nderdi\u011fimiz e-postadaki ba\u011flant\u0131y\u0131 t\u0131klay\u0131n.<\/p>\n","protected":false},"excerpt":{"rendered":"<p>Abonelik i\u015flemini tamamlamak i\u00e7in l\u00fctfen size g\u00f6nderdi\u011fimiz e-postadaki ba\u011flant\u0131y\u0131 t\u0131klay\u0131n.<\/p>\n","protected":false},"author":2706,"featured_media":0,"parent":0,"menu_order":0,"comment_status":"closed","ping_status":"closed","template":"","meta":{"_acf_changed":false,"footnotes":""},"categories":[],"class_list":["post-2513","page","type-page","status-publish"],"hreflang":[{"hreflang":"tr","url":"https:\/\/www.kaspersky.com.tr\/blog\/confirm-subscription\/"},{"hreflang":"en-in","url":"https:\/\/www.kaspersky.co.in\/blog\/confirm-subscription\/"},{"hreflang":"en-ae","url":"https:\/\/me-en.kaspersky.com\/blog\/confirm-subscription\/"},{"hreflang":"ar","url":"https:\/\/me.kaspersky.com\/blog\/confirm-subscription\/"},{"hreflang":"en-us","url":"https:\/\/usa.kaspersky.com\/blog\/confirm-subscription\/"},{"hreflang":"en-gb","url":"https:\/\/www.kaspersky.co.uk\/blog\/confirm-subscription\/"},{"hreflang":"es-mx","url":"https:\/\/latam.kaspersky.com\/blog\/confirm-subscription\/"},{"hreflang":"es","url":"https:\/\/www.kaspersky.es\/blog\/confirm-subscription\/"},{"hreflang":"it","url":"https:\/\/www.kaspersky.it\/blog\/confirm-subscription\/"},{"hreflang":"ru","url":"https:\/\/www.kaspersky.ru\/blog\/confirm-subscription\/"},{"hreflang":"x-default","url":"https:\/\/www.kaspersky.com\/blog\/confirm-subscription\/"},{"hreflang":"fr","url":"https:\/\/www.kaspersky.fr\/blog\/confirm-subscription\/"},{"hreflang":"pt-br","url":"https:\/\/www.kaspersky.com.br\/blog\/confirm-subscription\/"},{"hreflang":"pl","url":"https:\/\/plblog.kaspersky.com\/confirm-subscription\/"},{"hreflang":"de","url":"https:\/\/www.kaspersky.de\/blog\/confirm-subscription\/"},{"hreflang":"zh","url":"https:\/\/www.kaspersky.com.cn\/blog\/confirm-subscription\/"},{"hreflang":"ja","url":"https:\/\/blog.kaspersky.co.jp\/confirm-subscription\/"},{"hreflang":"nl","url":"https:\/\/www.kaspersky.nl\/blog\/confirm-subscription\/"},{"hreflang":"ru-kz","url":"https:\/\/blog.kaspersky.kz\/confirm-subscription\/"},{"hreflang":"en-au","url":"https:\/\/www.kaspersky.com.au\/blog\/confirm-subscription\/"},{"hreflang":"en-za","url":"https:\/\/www.kaspersky.co.za\/blog\/confirm-subscription\/"}],"acf":[],"banners":"","is_landing":false,"_links":{"self":[{"href":"https:\/\/www.kaspersky.com.tr\/blog\/wp-json\/wp\/v2\/pages\/2513","targetHints":{"allow":["GET"]}}],"collection":[{"href":"https:\/\/www.kaspersky.com.tr\/blog\/wp-json\/wp\/v2\/pages"}],"about":[{"href":"https:\/\/www.kaspersky.com.tr\/blog\/wp-json\/wp\/v2\/types\/page"}],"author":[{"embeddable":true,"href":"https:\/\/www.kaspersky.com.tr\/blog\/wp-json\/wp\/v2\/users\/2706"}],"replies":[{"embeddable":true,"href":"https:\/\/www.kaspersky.com.tr\/blog\/wp-json\/wp\/v2\/comments?post=2513"}],"version-history":[{"count":3,"href":"https:\/\/www.kaspersky.com.tr\/blog\/wp-json\/wp\/v2\/pages\/2513\/revisions"}],"predecessor-version":[{"id":8409,"href":"https:\/\/www.kaspersky.com.tr\/blog\/wp-json\/wp\/v2\/pages\/2513\/revisions\/8409"}],"wp:attachment":[{"href":"https:\/\/www.kaspersky.com.tr\/blog\/wp-json\/wp\/v2\/media?parent=2513"}],"wp:term":[{"taxonomy":"category","embeddable":true,"href":"https:\/\/www.kaspersky.com.tr\/blog\/wp-json\/wp\/v2\/categories?post=2513"}],"curies":[{"name":"wp","href":"https:\/\/api.w.org\/{rel}","templated":true}]}}