{"id":3366,"date":"2017-07-10T12:37:57","date_gmt":"2017-07-10T09:37:57","guid":{"rendered":"https:\/\/www.kaspersky.com.tr\/blog\/?page_id=3366"},"modified":"2022-05-05T18:59:02","modified_gmt":"2022-05-05T15:59:02","slug":"thank-you","status":"publish","type":"page","link":"https:\/\/www.kaspersky.com.tr\/blog\/thank-you\/","title":{"rendered":"Bizimle ileti\u015fim kurdu\u011funuz i\u00e7in te\u015fekk\u00fcr ederiz"},"content":{"rendered":"<p>\u00a0<\/p>\n<p>Sorunuzu en k\u0131sa s\u00fcrede yan\u0131tlayaca\u011f\u0131z.<\/p>\n<p>\u0130leti\u015fime ge\u00e7ti\u011finiz i\u00e7in te\u015fekk\u00fcr ederiz.<\/p>\n<p><a href=\"https:\/\/www.kaspersky.com.tr\/blog\/\" target=\"_blank\" rel=\"noopener noreferrer\">Ana sayfaya<\/a> geri d\u00f6n.<\/p>\n","protected":false},"excerpt":{"rendered":"<p>\u00a0 Sorunuzu en k\u0131sa s\u00fcrede yan\u0131tlayaca\u011f\u0131z. \u0130leti\u015fime ge\u00e7ti\u011finiz i\u00e7in te\u015fekk\u00fcr ederiz. Ana sayfaya geri d\u00f6n.<\/p>\n","protected":false},"author":2706,"featured_media":0,"parent":0,"menu_order":0,"comment_status":"closed","ping_status":"closed","template":"","meta":{"_acf_changed":false,"footnotes":""},"categories":[],"class_list":["post-3366","page","type-page","status-publish"],"hreflang":[{"hreflang":"tr","url":"https:\/\/www.kaspersky.com.tr\/blog\/thank-you\/"},{"hreflang":"en-in","url":"https:\/\/www.kaspersky.co.in\/blog\/thank-you\/"},{"hreflang":"en-ae","url":"https:\/\/me-en.kaspersky.com\/blog\/thank-you\/"},{"hreflang":"ar","url":"https:\/\/me.kaspersky.com\/blog\/thank-you\/"},{"hreflang":"en-us","url":"https:\/\/usa.kaspersky.com\/blog\/thank-you\/"},{"hreflang":"en-gb","url":"https:\/\/www.kaspersky.co.uk\/blog\/thank-you\/"},{"hreflang":"es-mx","url":"https:\/\/latam.kaspersky.com\/blog\/thank-you\/"},{"hreflang":"es","url":"https:\/\/www.kaspersky.es\/blog\/thank-you\/"},{"hreflang":"it","url":"https:\/\/www.kaspersky.it\/blog\/thank-you\/"},{"hreflang":"ru","url":"https:\/\/www.kaspersky.ru\/blog\/thank-you\/"},{"hreflang":"x-default","url":"https:\/\/www.kaspersky.com\/blog\/thank-you\/"},{"hreflang":"fr","url":"https:\/\/www.kaspersky.fr\/blog\/thank-you\/"},{"hreflang":"pt-br","url":"https:\/\/www.kaspersky.com.br\/blog\/thank-you\/"},{"hreflang":"de","url":"https:\/\/www.kaspersky.de\/blog\/thank-you\/"},{"hreflang":"ja","url":"https:\/\/blog.kaspersky.co.jp\/thank-you\/"}],"acf":[],"banners":"","is_landing":false,"_links":{"self":[{"href":"https:\/\/www.kaspersky.com.tr\/blog\/wp-json\/wp\/v2\/pages\/3366","targetHints":{"allow":["GET"]}}],"collection":[{"href":"https:\/\/www.kaspersky.com.tr\/blog\/wp-json\/wp\/v2\/pages"}],"about":[{"href":"https:\/\/www.kaspersky.com.tr\/blog\/wp-json\/wp\/v2\/types\/page"}],"author":[{"embeddable":true,"href":"https:\/\/www.kaspersky.com.tr\/blog\/wp-json\/wp\/v2\/users\/2706"}],"replies":[{"embeddable":true,"href":"https:\/\/www.kaspersky.com.tr\/blog\/wp-json\/wp\/v2\/comments?post=3366"}],"version-history":[{"count":2,"href":"https:\/\/www.kaspersky.com.tr\/blog\/wp-json\/wp\/v2\/pages\/3366\/revisions"}],"predecessor-version":[{"id":8407,"href":"https:\/\/www.kaspersky.com.tr\/blog\/wp-json\/wp\/v2\/pages\/3366\/revisions\/8407"}],"wp:attachment":[{"href":"https:\/\/www.kaspersky.com.tr\/blog\/wp-json\/wp\/v2\/media?parent=3366"}],"wp:term":[{"taxonomy":"category","embeddable":true,"href":"https:\/\/www.kaspersky.com.tr\/blog\/wp-json\/wp\/v2\/categories?post=3366"}],"curies":[{"name":"wp","href":"https:\/\/api.w.org\/{rel}","templated":true}]}}